{"id":1292,"date":"2015-06-27T18:06:42","date_gmt":"2015-06-27T18:06:42","guid":{"rendered":"http:\/\/s663169591.online.de\/oberschule\/?page_id=1292"},"modified":"2024-12-06T10:02:40","modified_gmt":"2024-12-06T10:02:40","slug":"anschrift","status":"publish","type":"page","link":"https:\/\/die-medien-produktion.de\/?page_id=1292","title":{"rendered":"Berufsorientierungskonzept"},"content":{"rendered":"<p>Mit dem Berufsorientierungskonzept wollen wir unsere Sch\u00fclerinnen und Sch\u00fcler erfolgreich auf den \u00dcbergang von der Schule ins Berufs- und Arbeitsleben vorbereiten und ihnen die M\u00f6glichkeit geben, realistische Vorstellungen zur Berufs- und Arbeitswelt zu entwickeln. Pers\u00f6nliche Einblicke und praktische Erfahrungen sollen dazu beitragen die Wirtschaft der Region erlebbar zu machen, betriebliche Abl\u00e4ufe kennenzulernen, um so die eigenen beruflichen Vorstellungen konkretisieren zu k\u00f6nnen. Ab Klasse 7 arbeiten alle Sch\u00fcler durchg\u00e4ngig mit dem Berufswahlpass, der mit Unterst\u00fctzung unserer Kooperationspartner finanziert wird.<\/p>\n<p>Seit 2014 wird die Beratung und Begleitung der Sch\u00fcler in der Klassenstufe 7 und 8 durch das Projekt Praxisberater mit entsprechenden BO-Angeboten passgenau erg\u00e4nzt und individuell ausgerichtet. Ausgehend von den ermittelten Kompetenzen und St\u00e4rken in der Potenzialanalyse \u201eProfil AC Sachsen\u201c erhalten die Sch\u00fcler zus\u00e4tzliche Angebote, wie z. B. Betriebserkundungen, Berufsfelderkundungen, Erkundungen im BSZ und freiwillige Praktika, um ihre Berufswahlkompetenz entwickeln zu k\u00f6nnen.<\/p>\n<p>Als Oberschule Lommatzscher Pflege ist es unser Ziel, den Sch\u00fclerinnen und Sch\u00fclern die bestehende Chancenvielfalt der Region Lommatzscher Pflege anschaulich aufzuzeigen und konkrete Berufs- und Lebens-perspektiven zu vermitteln. Betriebe und Unternehmen der Region unterst\u00fctzen uns mit ihren Angeboten und Aktivit\u00e4ten.<\/p>\n<p><strong>BO \u2013 Aktivit\u00e4ten im Schuljahr 2024\/25:<\/strong><\/p>\n<p><strong>Klassenstufe 7\/8\/9\/10<\/strong><\/p>\n<p>26.09.2024 Ausbildungsmesse \u201eEs ist nie zu sp\u00e4t, das zu werden, was man h\u00e4tte sein k\u00f6nnen\u201c<br \/>\nBerufsorientierung live mit Betrieben der Region<\/p>\n<p><strong>Klassenstufe 7<\/strong><\/p>\n<p>ab 22.08.2024 &nbsp;&nbsp;&nbsp;&nbsp;&nbsp;&nbsp;&nbsp;&nbsp; &nbsp; &nbsp; &nbsp; Einf\u00fchrung in die Berufsorientierung<\/p>\n<p>18.09. \u2013 27.09.2024 &nbsp; &nbsp;&nbsp; Potenzialanalyse \u201eProfil AC\u201c Kompetenzen und St\u00e4rken erkennen<\/p>\n<p>17.03. \u2013 22.03.2025 &nbsp;&nbsp;&nbsp;&nbsp; Schau rein! Woche der offenen Unternehmen<\/p>\n<p>April 2025 &nbsp; &nbsp; &nbsp; &nbsp; &nbsp; &nbsp; &nbsp;&nbsp; &nbsp; &nbsp;&nbsp;&nbsp; Girls Day \/ Boys Day<\/p>\n<p><strong>Klassenstufe 8<\/strong><\/p>\n<p>Jan. 2025 &nbsp;&nbsp; BO- Projektwoche, Betriebserkundungen in Betrieben der Region<\/p>\n<p>24.01. \u2013 26.01.2025 &nbsp;&nbsp; Karriere Start, Bildungsmesse in Dresden<\/p>\n<p>17.03. \u2013 22.03.2025 &nbsp;&nbsp; Schau rein! Woche der offenen Unternehmen<\/p>\n<p>10.06. \u2013 20.06.2025 &nbsp;&nbsp; 1. Sch\u00fclerpraktikum in Betrieben<\/p>\n<p>Ferienzeiten&nbsp;&nbsp;&nbsp;&nbsp;&nbsp;&nbsp;&nbsp;&nbsp;&nbsp;&nbsp;&nbsp; &nbsp; &nbsp; &nbsp; Angebot zus\u00e4tzliche\/freiwillige Praktika<\/p>\n<p><strong>Klassenstufe 9 <\/strong><\/p>\n<p>Termin noch offen&nbsp;&nbsp;&nbsp;&nbsp;&nbsp; Bewerbungstraining mit Au\u00dfenpartnern,<br \/>\ninklusive online-Bewerbungen<\/p>\n<p>02.12. \u2013 13.12.2024 &nbsp;&nbsp; 2. Sch\u00fclerpraktikum in Betrieben<\/p>\n<p>24.01. \u2013 26.01.2025 &nbsp;&nbsp; Karriere Start, Bildungsmesse in Dresden<\/p>\n<p>17.03. \u2013 22.03.2025 &nbsp;&nbsp; Schau rein! Woche der offenen Unternehmen<\/p>\n<p>Ferienzeiten&nbsp;&nbsp;&nbsp;&nbsp;&nbsp;&nbsp;&nbsp;&nbsp;&nbsp;&nbsp;&nbsp; &nbsp; &nbsp; &nbsp; Angebot zus\u00e4tzliche\/freiwillige Praktika<\/p>\n","protected":false},"excerpt":{"rendered":"<p>Mit dem Berufsorientierungskonzept wollen wir unsere Sch\u00fclerinnen und Sch\u00fcler erfolgreich auf den \u00dcbergang von der Schule ins Berufs- und Arbeitsleben vorbereiten und ihnen die M\u00f6glichkeit geben, realistische Vorstellungen zur Berufs- und Arbeitswelt zu entwickeln. Pers\u00f6nliche Einblicke und praktische Erfahrungen sollen dazu beitragen die Wirtschaft der Region erlebbar zu machen, betriebliche Abl\u00e4ufe kennenzulernen, um so die [&hellip;]<\/p>\n","protected":false},"author":6,"featured_media":0,"parent":1290,"menu_order":1,"comment_status":"closed","ping_status":"closed","template":"","meta":{"ngg_post_thumbnail":0},"_links":{"self":[{"href":"https:\/\/die-medien-produktion.de\/index.php?rest_route=\/wp\/v2\/pages\/1292"}],"collection":[{"href":"https:\/\/die-medien-produktion.de\/index.php?rest_route=\/wp\/v2\/pages"}],"about":[{"href":"https:\/\/die-medien-produktion.de\/index.php?rest_route=\/wp\/v2\/types\/page"}],"author":[{"embeddable":true,"href":"https:\/\/die-medien-produktion.de\/index.php?rest_route=\/wp\/v2\/users\/6"}],"replies":[{"embeddable":true,"href":"https:\/\/die-medien-produktion.de\/index.php?rest_route=%2Fwp%2Fv2%2Fcomments&post=1292"}],"version-history":[{"count":33,"href":"https:\/\/die-medien-produktion.de\/index.php?rest_route=\/wp\/v2\/pages\/1292\/revisions"}],"predecessor-version":[{"id":6540,"href":"https:\/\/die-medien-produktion.de\/index.php?rest_route=\/wp\/v2\/pages\/1292\/revisions\/6540"}],"up":[{"embeddable":true,"href":"https:\/\/die-medien-produktion.de\/index.php?rest_route=\/wp\/v2\/pages\/1290"}],"wp:attachment":[{"href":"https:\/\/die-medien-produktion.de\/index.php?rest_route=%2Fwp%2Fv2%2Fmedia&parent=1292"}],"curies":[{"name":"wp","href":"https:\/\/api.w.org\/{rel}","templated":true}]}}